e remainder when l is divided by 10?
7
Let d(r) = -2*r**3 + 208*r**2 + 218*r + 515. Calculate the remainder when d(105) is divided by 12.
11
Let d be 24/6 - (2 + 0)/2. Suppose -5*h + 3*w = -w - 340, 204 = d*h - w. What is the remainder when h is divided by 58?
10
Let t(r) = 2*r**2 + 3*r - 3. Let y(z) = 5 + 1 + 2*z**2 + 2*z - 2*z**3 + 0 - 3. What is the remainder when y(-2) is divided by t(2)?
1
Let y be (40/(-16))/((-9)/(-18)). Calculate the remainder when 149 is divided by (4 - 1)*(12 + y/(-1)).
47
Suppose 0 = -34*c + 30*c - 16. What is the remainder when 310 is divided by (2 - (-134)/(-4))/(c/8)?
58
Suppose p + 4*v - 450 = 0, 4*p - 2*p - 918 = -5*v. What is the remainder when p is divided by 3?
0
Suppose -9*g + 582*l + 663 = 585*l, -l = 1. Calculate the remainder when 742 is divided by g.
2
Suppose -5*v + 5 + 319 = 2*p, -5*p - 4*v + 810 = 0. Let z = -80 - -122. Calculate the remainder when p is divided by z.
36
Let z = 150 - 15. Suppose 0 = 6*g - 514 - 218. Let b = g - 88. What is the remainder when z is divided by b?
33
Let c = -8964 - -9017. Calculate the remainder when 341 is divided by c.
23
Let v be 3/((-1 - 2) + 45/10). Suppose 4*p + 13 = v*q + p, 0 = 3*p + 9. Let z = q - -25. Calculate the remainder when z is divided by 4.
3
Suppose -4*v + 9*p + 4689 = 8*p, -7*v - 2*p + 8202 = 0. Calculate the remainder when v is divided by 97.
8
Suppose -2*u = -4*u + 58. Let b(h) = -263*h + 11097. Calculate the remainder when b(42) is divided by u.
22
Let a be (-430)/(-90) + 2/9. Suppose a*k - 95 = 40. What is the remainder when 97 is divided by k?
16
Suppose -62*h + 1404 + 1586 = 200. Calculate the remainder when 14262 is divided by h.
42
Let h be ((-12)/10)/(14/(-35)). Suppose -2*v - 5*g + 261 = 2*v, -5*g = -4*v + 211. What is the remainder when v is divided by 1/(1*h/30)?
9
Let i(j) = -137*j + 5. Let o be i(-2). Let k = o + -223. Calculate the remainder when 447 is divided by k.
55
Let o = 101 + -27. Suppose -9*y + 124 = -o. Calculate the remainder when y is divided by 8.
6
Suppose 0 = -89529*v + 89548*v - 196631. Calculate the remainder when v is divided by 90.
89
Suppose 0 = -21*v - 3825 - 15831. What is the remainder when v/(-26) + 1*(-1 - -2) is divided by 16?
5
Suppose 2*f + 81 - 512 = -11*k, 4*f - k = 609. What is the remainder when f is divided by -86*(-1)/2 + 2?
20
Suppose -379*l + 217930 = -69*l. Calculate the remainder when l is divided by 24.
7
Suppose -4*n = 27 - 211. What is the remainder when 113 is divided by n/(-2)*-1 - -6?
26
Let u(s) = 3*s**3 - s**2 - 2*s + 2. Let v be u(3). Let j = 89 - v. What is the remainder when 67 is divided by j?
4
Let r be ((-6)/4)/(12/(-40)). Let f(u) = u - 9. Let y be f(r). Let v = y - -12. Calculate the remainder when 30 is divided by v.
6
Let z(s) = 11*s - 221. Let a be 14*((-343)/(-210) + (-8)/60). Calculate the remainder when 368 is divided by z(a).
8
Let s = -647 + 651. What is the remainder when (-725 + (s - 3))/(-2) is divided by 52?
50
Let o = -34 - -84. Suppose 102 = o*b - 49*b. Calculate the remainder when b is divided by 11.
3
Suppose -4*z = 5*q - 5 - 81, -3*z = -12. Let u(p) = p**3 - 16*p**2 - 7*p - 54. Calculate the remainder when u(17) is divided by q.
4
Let l(v) = -v**3 - v**2 - 9*v + 39. Let y = 30 - 11. Let h = -9 + y. Calculate the remainder when l(0) is divided by h.
9
Suppose -48*p = -42*p + 60. Calculate the remainder when 2 is divided by p/(-6) - 70/105.
0
Let i = 342 - 292. Suppose -i*m + 44*m = -72. Calculate the remainder when 1 + (-34)/(2 + -3) is divided by m.
11
Suppose 3*s + 0*s = 183. Let j be (-253)/(-44) + 85/20 + -3. Let d(p) = p**2 - 8*p + 20. What is the remainder when s is divided by d(j)?
9
Suppose -14362 = -49*p - 65*p + 28*p. Calculate the remainder when 335 is divided by p.
1
Suppose 4*u + 332 = 2*s, 14*s = 11*s + 3*u + 522. Calculate the remainder when 415 is divided by s.
51
Let d = 17719 - 16020. What is the remainder when d is divided by 50?
49
Let w be 1/(-2)*(7 + -11). Let s = 150 + -83. What is the remainder when s is divided by (w - 7)*(-33 + 32)?
2
Let k(n) = n**2 + 3*n - 2. Let d be (-2 - 12/(-7)) + (-330)/(-77). Let l(i) = i**2 - 9. What is the remainder when l(d) is divided by k(-4)?
1
Suppose g - 568 = -5*b, -51*b + 449 = -47*b - g. What is the remainder when b is divided by 40?
33
Suppose -13*h + 8*h = -20. Suppose h*x = -2*g + 44, 36 = -6*x + 9*x + 3*g. Calculate the remainder when 93 is divided by x.
3
Let c(r) = 36*r**2. Let z(b) = -9*b + 60. What is the remainder when c(1) is divided by z(5)?
6
Suppose -q = -5*t - 65 + 336, -5*t + 274 = -4*q. Calculate the remainder when 2319 is divided by t.
51
Let h = 134 - 366. Let a = 265 + h. Calculate the remainder when a is divided by 9.
6
Suppose 3*y + n + 3*n + 71 = 0, 16 = 4*n. Let i = y + 89. Calculate the remainder when i is divided by 2 + (-14)/(-1) - 9.
4
Let d(p) = 17*p - 25. Let v(y) = -18*y + 22. Let c(q) = 3*d(q) + 4*v(q). What is the remainder when c(-4) is divided by 20?
17
Suppose 1211 = -54*u + 5963. Let d be 3/(-12) + 59/(-4). What is the remainder when u is divided by 1*1/(-1)*d?
13
Let q(p) = -p**3 + 4*p**2 - 6*p - 45. Let d(b) = b**2 - 8*b + 15. Let f be 1/1 + 6 + 0. What is the remainder when q(-3) is divided by d(f)?
4
Calculate the remainder when (-7 - 52524/(-12))/(2/(-2 + 4)) is divided by 175.
170
Suppose 4*s = 2*n + 1658, -s + 1226 = 2*s + 2*n. Let f(h) = 1401*h + 5326. Let b be f(-4). Let l = b + s. What is the remainder when l is divided by 45?
44
Let i(o) = 44*o - 241. What is the remainder when i(18) is divided by 79?
77
Suppose -14*n - 5*g = -15*n + 495, -2*g = n - 474. Let k = -238 + n. Calculate the remainder when k is divided by 21.
11
Let b(s) = -3*s - 40. Let h be b(-8). Let i(k) = -2*k + 26. What is the remainder when i(h) is divided by (-84)/(-9) - (-4)/6?
8
Suppose -5*a - 28 = -12*a. Suppose -4*x - 4*x = -a*x. Suppose -w + 9*w - 344 = x. What is the remainder when w is divided by 11?
10
Suppose -25*u + 14*u = -8*u - 240. What is the remainder when 1535 is divided by u?
15
Suppose -4*z - 22 = -30, 5*b - 5*z - 2440 = 0. Calculate the remainder when b is divided by 40.
10
What is the remainder when (1593/3 - -14) + (-6)/1 is divided by 448/5 - (140/25 + -6)?
89
Suppose 0 = 4*m - 143 - 21. Let g(d) = 3*d**3 - 3*d + 0 + 8*d**3 + 0 + 2 - d**2. Calculate the remainder when g(2) is divided by m.
39
Let m = 6387 + -6342. Suppose 4*s - 105 = 5*p, -175 = -5*s + p - 49. Calculate the remainder when m is divided by s.
20
Suppose 3*h - 817 = -s, 52*s = h + 59*s - 219. Calculate the remainder when 763 is divided by h.
213
Let w = -116 - -134. Suppose -w*g = 3375 - 15939. What is the remainder when g is divided by 50?
48
Suppose 3*c - 153 = 2*z + 31, c - 2*z - 56 = 0. Suppose -448 = -48*u - c. Let w(y) = 9*y - 1. Calculate the remainder when u is divided by w(1).
0
Let y(z) = -24*z + 53. Let v be y(-4). Suppose 4*f - v = -2*m + 67, -4*m + 5*f + 406 = 0. What is the remainder when 411 is divided by m?
99
What is the remainder when 56*(-21 - (-3206)/98) is divided by 165?
161
Let g = 400 + -376. Let z(j) = j**3 - j**2 + j + 24. Let s be z(0). Suppose 3*b = 2*o + o - s, -4*b = o - 33. What is the remainder when g is divided by o?
11
Let i = -167 - -167. Suppose 4*g - 98 = -3*o, 2*o - 4*g - g = 50. What is the remainder when 177/(-12)*(-8)/(i + 1) is divided by o?
28
Suppose -60*j + 2281 + 7761 = -13958. Let n(g) = g**2 - 20*g - 29. What is the remainder when j is divided by n(22)?
10
Let r = 3518 - 3493. Calculate the remainder when 1420 is divided by r.
20
Let t = -122 - -180. Suppose 2*h - t = -4*v + h, 0 = -4*v + 4*h + 68. Suppose -101*f = -98*f - 87. What is the remainder when f is divided by v?
14
What is the remainder when 903 is divided by (332/(-6))/(2/9 + (-240)/270)?
73
Let q(j) = -j**3 - 6*j**2 - 7*j - 4. Let l be q(-5). Let u be (-4)/l + 16/(-12). Let k = 75 - u. What is the remainder when k is divided by 20?
17
Suppose -10 = -m - 9, m + 39 = 4*y. Suppose -2 = -w, 51 - 169 = -3*v - 5*w. Calculate the remainder when v is divided by y.
6
Suppose 0*p - 62 = 5*b + 2*p, -4*p = 4*b + 52. Let r be (3 - 3)*(-3)/b. Suppose -x - 18 + 40 = r. Calculate the remainder when 63 is divided by x.
19
What is the remainder when 1678 is divided by ((-27255)/(-1725))/(0 - (-1)/35)?
19
Let p